 h*x. What is the highest common factor of 30 and x?
10
Let p = -19 - -30. Suppose -i + 17 = -p. Calculate the highest common factor of 308 and i.
28
Suppose -1 = -q + 2. Suppose 0 = -m + q - 2. What is the highest common divisor of m and 2?
1
Let j(m) = m - 1. Let w be j(3). Calculate the highest common factor of 6 and w.
2
Let q(k) = -2*k + 8. Let v be q(-5). Suppose -4*i = 3*f - 358, 0*i - 5*i - 25 = 0. Calculate the highest common divisor of f and v.
18
Let g = -1 + 6. Suppose -3*q = q - g*u - 119, -190 = -5*q - 2*u. What is the greatest common factor of q and 4?
4
Suppose -3*c - 2*z = -47, -4*z = 2*c + c - 37. What is the greatest common factor of 171 and c?
19
Suppose -3*u = u. Suppose u*p = -5*p + 560. Calculate the highest common divisor of 16 and p.
16
Let d(c) = c**2 + 4*c + 5. Let x be d(-4). Suppose -x*r + 3*y + y = -47, -r + 3*y = -5. Calculate the highest common divisor of r and 77.
11
Let l = -76 - -124. Calculate the highest common divisor of 12 and l.
12
Let w(i) = i + 26. Let y be w(-13). What is the greatest common factor of 117 and y?
13
Suppose -3*k = 5*u - 160, -3*k = -3*u + 2*k + 96. Calculate the greatest common divisor of 8 and u.
8
Let x = 1 - -2. Suppose 0*v + 204 = x*v. What is the greatest common divisor of 17 and v?
17
Suppose -5*k + 200 = -h, 0*k - 118 = -3*k + h. Let s = k + -25. What is the greatest common factor of 40 and s?
8
Suppose -18*d + 14*d - 5*r = -32, 3*d - 2*r = 47. Let z = -1 + 2. Let i be 117 + 0/(-1)*z. Calculate the highest common factor of i and d.
13
Let z be (-12)/(-3) + 3 - 1. Suppose 0 = z*m - 3 - 21. What is the highest common divisor of 4 and m?
4
Let g = 47 + -23. What is the highest common factor of 96 and g?
24
Let p be 56 - 1*(-1 - -2). Suppose -7*j - 30 = -184. Calculate the highest common divisor of p and j.
11
Let i = 111 + -107. What is the greatest common divisor of 16 and i?
4
Let j be 2 - 5*(2 - 4). Let l = j - 7. Suppose h + 5*v = -0 - 10, -l*h + 2*v = -58. What is the highest common factor of 90 and h?
10
Let k be (-4)/(-26) + 42562/169. Calculate the highest common factor of k and 28.
28
Let z be (-6 - -3) + 0 + 14. Let v = z - -2. Calculate the highest common factor of 104 and v.
13
Let o(c) = 5*c**2 + 0*c**2 - 2*c - 2 - 3*c**2. Let u be o(-2). Let f be (56/(-10))/((-4)/u). What is the greatest common factor of f and 7?
7
Let v = -1 + 3. Suppose 0 = u + v*r + 5, -17 - 2 = -5*u + r. Suppose -i + 17 = -16. What is the greatest common factor of i and u?
3
Let y = 26 - 23. Let r be -6*(20/y)/(-5). What is the highest common divisor of 24 and r?
8
Let d(f) = 4*f**3 + f**2 - 3*f - 3. Let k be 4 - 3*(-2)/(-6). Let t be d(k). What is the greatest common divisor of t and 21?
21
Let c = 4 - -2. Let f be (-2)/(-3)*117/c. Let a(n) = n + 65. Let g be a(0). Calculate the highest common factor of g and f.
13
Let w = -18 - -43. Suppose -11 = -i - g, 3*g = -2*i - 0*g + w. What is the greatest common factor of 4 and i?
4
Let z be 213 - (-1 - (-10)/2). What is the greatest common divisor of z and 19?
19
Suppose 3*g - c - 31 = -2, -10 = -2*g - 4*c. What is the highest common factor of g and 36?
9
Suppose -2*n = -2*j - 30, 2*n - 4*n + 24 = 4*j. What is the greatest common divisor of 14 and n?
14
Suppose 6*z - 2*z - 2*b - 214 = 0, 0 = -4*b - 20. Calculate the highest common divisor of 34 and z.
17
Let u = -441 + 630. Calculate the greatest common factor of u and 21.
21
Let h be ((-10)/(-3))/(1/6). Suppose -7*f + 219 = -131. What is the greatest common factor of f and h?
10
Let f be 816/(-36)*(-3)/2. Let g = 53 - f. What is the highest common divisor of 133 and g?
19
Let t(m) = -m**2 - 15*m + 15. Let d be t(-22). Suppose -2*y - 4*b = 2*y - 800, 2*y - b = 409. Let u = d + y. What is the highest common divisor of 8 and u?
8
Let j = 15 - 9. Let m(h) = -5*h + 3. Let p(v) = v**3 - 7*v**2 - v + 4. Let f be p(7). Let w be m(f). What is the greatest common factor of w and j?
6
Let b(u) = u + 11. Let a be b(0). What is the highest common factor of 11 and a?
11
Suppose -v + 131 = -12. Suppose -443 = -5*m - v. What is the greatest common divisor of 24 and m?
12
Let f = 9 - -7. Let a = f - 9. Calculate the highest common factor of a and 56.
7
Let p = 11 + 5. Let y = -40 - -56. What is the highest common factor of p and y?
16
Let a(t) = 4*t + 1. Let l be a(1). Suppose -l*n + 7 = -4*n. What is the greatest common divisor of n and 77?
7
Let i = 147 - 109. What is the highest common factor of i and 266?
38
Suppose q + z = 0, -4*z = q + 2*q + 2. Suppose x + q*x - 36 = 0. Let j be (13/((-13)/36))/(-1). What is the highest common factor of j and x?
12
Suppose 14 = 4*i - j, 0 = i - j - 0*j - 5. What is the greatest common factor of i and 3?
3
Suppose 52 + 11 = 7*v. Let j(y) = 3*y**2 + 8*y + 3. Let i be j(-6). Calculate the highest common divisor of v and i.
9
Let b be 6407/129 + 1/3. Let s = 190 - 115. What is the highest common factor of s and b?
25
Suppose 64 = -v + 5*v - 3*h, 5*v - 61 = -h. Calculate the highest common factor of v and 117.
13
Suppose 3*o + 0*r = -3*r, 0 = -o - 5*r - 8. What is the greatest common factor of 2 and o?
2
Let q = -2 + 25. Let b = q - 15. What is the highest common factor of 48 and b?
8
Let r = -67 + 71. Let f = -52 + 88. What is the greatest common divisor of f and r?
4
Let o(q) = q**3 + 11*q**2 + 8*q. Let l = -28 + 18. Let r be o(l). Calculate the highest common factor of r and 20.
20
Let m be -28 + 0 + 0/3. Let v = 106 + m. Let p = 16 + -3. Calculate the greatest common factor of v and p.
13
Let z = 148 + -124. Let o = 18 - 10. Calculate the highest common factor of o and z.
8
Let b = 1 - 5. Let j be (b/(-10))/((-16)/(-40)). What is the greatest common factor of 8 and j?
1
Let u(r) = r**3 + 4*r**2 + 2*r - 2. Let t be u(-2). Calculate the highest common factor of t and 6.
2
Let g(o) = -17*o - 12. Let u be g(-15). What is the highest common factor of u and 27?
27
Let k be -3 + -1 + 4 + 17. Calculate the greatest common divisor of 68 and k.
17
Let b(v) = -12*v - 43. Let n be b(-4). What is the highest common factor of 10 and n?
5
Let g(u) = 2*u**3 - 10*u**2 + 9*u - 16. Let v be g(8). Calculate the highest common divisor of 55 and v.
55
Let l = -35 - -49. Calculate the highest common divisor of 154 and l.
14
Suppose 3*g - 16 = 8. Let w = -3 + g. Suppose -v + 5 = 0, -w*z = 4*v - v - 35. Calculate the highest common divisor of z and 20.
4
Let m(f) = f**2 - 3*f + 2. Let j be m(4). Let a(x) = 3*x**2 + 8*x - 2. Let w be a(j). What is the highest common divisor of w and 14?
14
Let h(u) = 8*u + 12. Let k be h(6). Let o(f) = f**3 + 7*f**2 + 4. Let s be o(-6). Calculate the highest common factor of k and s.
20
Let x be 22*(8 + (-5)/((-20)/8)). Calculate the greatest common factor of x and 20.
20
Suppose l = -3*l + 56. Let b be (-42)/l + (-12)/(-2). Calculate the greatest common factor of b and 33.
3
Let n(y) be the second derivative of 11*y**3/6 - y**2/2 - 3*y. Let k be n(1). Let i be ((-2)/5)/((-2)/k). What is the highest common factor of i and 8?
2
Suppose 4*u - 7 = 17. What is the greatest common divisor of u and 6?
6
Let a(s) = s**3 - 3*s**2 - 3*s + 6. Let c(v) = -2*v - 12. Let i be c(-8). Let j be a(i). Calculate the greatest common divisor of 10 and j.
10
Let b(s) = -6*s - 5*s**2 + s**3 + 9 - s + s. Let p be b(6). What is the greatest common divisor of p and 1?
1
Suppose -4*h + 10 = -2*h. Suppose 3*y - 4 = h. Calculate the highest common divisor of y and 21.
3
Let i(c) = -c + 25. Let u be i(-11). Suppose -3*t + 0*t + 12 = 0. What is the greatest common divisor of t and u?
4
Let l be 4/14 - (-10)/14. What is the greatest common divisor of 1 and l?
1
Let s = -20 + 42. What is the greatest common factor of 44 and s?
22
Suppose -3*f - 2*f + 25 = 0. Suppose 52 = j + f*a, 0*j = j - a - 22. Calculate the highest common divisor of 3 and j.
3
Let o = -22 - -13. Let l be o/(-54) - 65/(-6). Calculate the highest common factor of 88 and l.
11
Let j be (-27)/(-6)*4/(-3). Let r = j + 101. Calculate the greatest common divisor of r and 38.
19
Suppose -18 = -o - 2*o. What is the highest common factor of 54 and o?
6
Let l be 1/2*254*1. Suppose 1 - l = -6*z. Suppose -5 + 47 = v. What is the greatest common factor of v and z?
21
Let b be (-1)/5 - 6/(-5). Calculate the highest common factor of 8 and b.
1
